Is 122732 a multiple of 12?
False
Does 18 divide 17688?
False
Is 16 a factor of 2781533?
False
Does 1271 divide 5697893?
True
Is 255530 a multiple of 55?
True
Is 510 a factor of 9423270?
True
Is 4199916 even?
True
Does 45 divide 2568346?
False
Does 984 divide 10047919?
False
Is 63427 a multiple of 71?
False
Is 1184913 a multiple of 17?
False
Is 457743 a multiple of 97?
True
Does 44 divide 941556?
True
Does 20 divide 725915?
False
Does 4 divide 596540?
True
Is 950 a factor of 25928350?
True
Is 530731 a multiple of 32?
False
Is 6819252 a multiple of 33?
True
Does 626 divide 13392?
False
Does 20 divide 611020?
True
Is 295240 a multiple of 10?
True
Is 29 a factor of 1640281?
False
Is 24283927 a multiple of 22?
False
Is 738320 a multiple of 839?
True
Does 18 divide 1982967?
False
Is 747370 a multiple of 26?
True
Does 2 divide 11893?
False
Does 7 divide 318431?
False
Is 11 a factor of 142824?
True
Is 36363 a multiple of 72?
False
Is 925785 a multiple of 315?
True
Does 91 divide 1211574?
True
Is 72551 a multiple of 2?
False
Does 10 divide 851328?
False
Does 397 divide 4604009?
True
Is 9 a factor of 651130?
False
Is 1021974 a multiple of 6?
True
Does 9 divide 34389?
True
Is 94 a factor of 248348?
True
Is 3 a factor of 47408?
False
Is 2837366 a multiple of 11?
False
Does 494 divide 484113?
False
Does 408 divide 756024?
True
Is 6102839 a multiple of 163?
False
Is 97432 a multiple of 38?
True
Does 117 divide 3190638?
False
Is 55 a factor of 1591975?
True
Is 37 a factor of 80174?
False
Is 16 a factor of 238848?
True
Is 9089570 a multiple of 70?
True
Is 140751 a multiple of 401?
True
Is 42 a factor of 151746?
True
Does 27 divide 134245?
False
Is 21 a factor of 755565?
False
Does 141 divide 1128?
True
Is 1760122 a multiple of 14?
True
Is 230016 a multiple of 32?
True
Does 32 divide 149834?
False
Does 9 divide 185283?
True
Does 3 divide 249678?
True
Does 26 divide 4654?
True
Is 371 a factor of 901820?
False
Does 175 divide 968801?
False
Is 25 a factor of 701325?
True
Does 438 divide 6036446?
False
Is 122892 a multiple of 10?
False
Is 4190582 a multiple of 12?
False
Is 93 a factor of 353172?
False
Does 10 divide 40828?
False
Is 7 a factor of 302183?
True
Is 1440181 a multiple of 19?
True
Is 3 a factor of 195641?
False
Is 6813447 a multiple of 8?
False
Is 252 a factor of 8209035?
False
Is 47 a factor of 6837117?
False
Does 20 divide 1636744?
False
Does 3 divide 3859585?
False
Is 8 a factor of 2031344?
True
Is 51 a factor of 47923?
False
Is 9 a factor of 378387?
True
Is 225 a factor of 32883?
False
Is 3024 a multiple of 12?
True
Is 38 a factor of 21159975?
False
Is 22 a factor of 411334?
True
Does 18 divide 23846?
False
Is 12603537 a multiple of 13?
False
Is 56474 a multiple of 151?
True
Is 2980406 a multiple of 17?
True
Is 70 a factor of 307160?
True
Is 74 a factor of 34040?
True
Is 63 a factor of 324828?
True
Is 4148280 a multiple of 552?
True
Is 40 a factor of 47340?
False
Is 15 a factor of 1709969?
False
Is 13 a factor of 25482886?
True
Is 2325 a multiple of 50?
False
Is 356812 a multiple of 22?
False
Is 15 a factor of 2359700?
False
Does 983 divide 3687233?
True
Is 218 a factor of 463032?
True
Is 10 a factor of 1305100?
True
Is 668 a factor of 2976608?
True
Is 115 a factor of 615940?
True
Is 96124 a multiple of 182?
False
Is 694900 a multiple of 10?
True
Is 491 a factor of 2337501?
False
Does 20 divide 96640?
True
Does 80 divide 86132?
False
Does 54 divide 260191?
False
Is 22057 a multiple of 161?
True
Does 84 divide 4476307?
False
Does 132 divide 4618812?
True
Does 29 divide 126353?
True
Does 3 divide 5013?
True
Is 9035948 a multiple of 13?
False
Is 39 a factor of 79638?
True
Is 108790 a multiple of 23?
True
Is 10506928 a multiple of 217?
False
Is 12482950 a multiple of 358?
False
Is 669489 a multiple of 24?
False
Is 7092612 a multiple of 813?
True
Does 26 divide 28418?
True
Is 363 a factor of 297660?
True
Does 246 divide 248214?
True
Is 578721 a multiple of 17?
False
Is 996185 a multiple of 8?
False
Is 14883728 a multiple of 58?
True
Is 151 a factor of 157658?
False
Is 257 a factor of 180516?
False
Is 41 a factor of 382284?
True
Does 510 divide 8636850?
True
Is 33 a factor of 1572483?
True
Is 115 a factor of 12798?
False
Does 13 divide 1796386?
False
Is 32 a factor of 516192?
True
Does 276 divide 650808?
True
Is 129557 a multiple of 17?
True
Does 1245 divide 5225265?
True
Is 19815200 a multiple of 114?
False
Is 35486 a multiple of 22?
True
Is 270173 a multiple of 32?
False
Is 56 a factor of 881608?
True
Is 12 a factor of 41859?
False
Is 9953140 a multiple of 571?
False
Is 63 a factor of 14167499?
False
Does 10 divide 4225075?
False
Is 3618804 a multiple of 134?
True
Is 17 a factor of 17230078?
True
Is 13 a factor of 145990?
True
Does 321 divide 1688460?
True
Is 9 a factor of 470700?
True
Is 4 a factor of 2259270?
False
Is 433788 a multiple of 6?
True
Is 751 a factor of 1600517?
False
Is 17 a factor of 6492039?
False
Is 15228 a multiple of 47?
True
Is 224 a factor of 3235456?
True
Is 204969 a multiple of 6?
False
Is 16 a factor of 247744?
True
Is 925266 a multiple of 15?
False
Is 43608 a multiple of 13?
False
Does 103 divide 8042755?
True
Does 171 divide 167597?
False
Does 108 divide 22715?
False
Is 1430996 a multiple of 298?
True
Is 6 a factor of 246711?
False
Does 242 divide 2537854?
True
Is 89 a factor of 2006238?
True
Is 15 a factor of 322654?
False
Does 33 divide 3009103?
False
Is 174 a factor of 53592?
True
Does 210 divide 442223?
False
Is 3751051 a multiple of 911?
False
Is 123 a factor of 429952?
False
Does 10 divide 9761620?
True
Does 10 divide 4554470?
True
Is 1006881 a multiple of 193?
True
Is 139 a factor of 186003?
False
Is 47746 a multiple of 15?
False
Is 503 a factor of 116193?
True
Is 1349655 a multiple of 550?
False
Is 59841 a multiple of 109?
True
Is 104 a factor of 213616?
True
Is 1842903 a multiple of 291?
True
Does 3 divide 59680?
False
Is 1874140 a multiple of 332?
True
Is 692208 a multiple of 171?
True
Is 143578 a multiple of 7?
False
Is 28 a factor of 12431061?
False
Does 7 divide 19263?
False
Does 183 divide 1240008?
True
Is 12 a factor of 259512?
True
Does 7 divide 4800478?
False
Is 3309384 a multiple of 312?
True
Does 9 divide 217773?
True
Is 1314656 a multiple of 13?
False
Is 773850 a multiple of 35?
True
Does 141 divide 2839422?
False
Is 59 a factor of 1205075?
True
Is 1557590 a multiple of 145?
True
Is 7431356 a multiple of 353?
True
Is 101614 a multiple of 47?
True
Is 126 a factor of 6828066?
True
Is 112 a factor of 3840592?
True
Is 288 a factor of 89164?
False
Is 30426 a multiple of 7?
False
Is 6 a factor of 1616123?
False
Is 293 a factor of 132729?
True
Is 8907444 a multiple of 26?
True
Does 55 divide 62027?
False
Does 73 divide 503341?
False
Is 94 a factor of 14078961?
False
Is 3200 a multiple of 10?
True
Is 89595 a multiple of 34?
False
Does 42 divide 4424658?
True
Is 463 a factor of 2924585?
False
Is 6 a factor of 55700?
False
Does 42 divide 9702?
True
Is 12 a factor of 1313578?
False
Is 489330 a multiple of 9?
True
Is 134 a factor of 118188?
True
Does 14 divide 193892?
False
Is 6154484 a multiple of 511?
True
Is 9 a factor of 3081150?
True
Is 1498 a factor of 11858168?
True
Does 87 divide 3471561?
True
Does 1355 divide 8894220?
True
Is 711000 a multiple of 545?
False
Is 370 a factor of 9647380?
True
Does 29 divide 351422?
True
Is 233 a factor of 144926?
True
Is 246234 a multiple of 33?
False
Does 10 divide 512320?
True
Is 3 a factor of 97407?
True
Does 91 divide 1013548?
False
Is 118 a factor of 44958?
True
Is 177106 a multiple of 25?
False
Does 33 divide 284427?
True
Is 5177994 a multiple of 38?
True
Does 162 divide 58100?
False
Does 484 divide 967345?
False
Is 17572737 a multiple of 59?
True
Is 1295 a factor of 5120430?
True
Does 9 divide 415158?
False
Is 69384 a multiple of 147?
True
Is 35480 a multiple of 8?
True
Is 4 a factor of 428657?
False
Does 35 divide 2987417?
False
Is 9497800 a multiple of 65?
True
Is 123887 a multiple of 4?
False
Is 478 a factor of 3380662?
False
Does 8 divide 177992?
True
Does 7 divide 632732?
False
Is 291 a factor of 4251801?
True
Is 62154 a multiple of 3?
True
Is 8924365 a multiple of 560?
False
Does 594 divide 8618637?
False
Is 104 a factor of 54496?
True
Is 606 a factor of 341905